 by 111.
109
What is the remainder when 4742694 is divided by 100?
94
Calculate the remainder when 180292 is divided by 75.
67
Calculate the remainder when 107128625 is divided by 4388.
4381
Calculate the remainder when 494952 is divided by 434.
192
What is the remainder when 724873 is divided by 1394?
1387
What is the remainder when 88253 is divided by 463?
283
What is the remainder when 1696944 is divided by 333?
309
Calculate the remainder when 71261 is divided by 13742.
2551
What is the remainder when 11660186 is divided by 11660158?
28
Calculate the remainder when 52988227 is divided by 57.
1
Calculate the remainder when 13399665 is divided by 689.
682
What is the remainder when 252807 is divided by 4522?
4097
Calculate the remainder when 6093 is divided by 129.
30
Calculate the remainder when 52097 is divided by 2175.
2072
What is the remainder when 9787058 is divided by 151?
144
Calculate the remainder when 43321 is divided by 43316.
5
Calculate the remainder when 3391104 is divided by 52168.
184
What is the remainder when 53669 is divided by 53554?
115
Calculate the remainder when 18475044 is divided by 165.
159
What is the remainder when 111501 is divided by 434?
397
What is the remainder when 88802889 is divided by 749?
700
What is the remainder when 661025 is divided by 2226?
2129
What is the remainder when 2010382 is divided by 167531?
10
What is the remainder when 116405 is divided by 1974?
1913
Calculate the remainder when 617828 is divided by 68641.
59
What is the remainder when 845211 is divided by 1115?
41
What is the remainder when 3020672 is divided by 197?
71
What is the remainder when 7963012 is divided by 173?
168
What is the remainder when 2252540 is divided by 140783?
12
What is the remainder when 7666205 is divided by 2109?
2099
What is the remainder when 1267301567 is divided by 2496?
2495
What is the remainder when 1720550 is divided by 245739?
377
Calculate the remainder when 12268192 is divided by 1323.
13
Calculate the remainder when 8501173 is divided by 929.
823
Calculate the remainder when 8933 is divided by 2604.
1121
What is the remainder when 693310 is divided by 1070?
1020
Calculate the remainder when 849239 is divided by 228.
167
What is the remainder when 9339849 is divided by 39744?
9
What is the remainder when 34351 is divided by 2608?
447
Calculate the remainder when 1885735 is divided by 117851.
119
Calculate the remainder when 1712116 is divided by 1272.
4
What is the remainder when 26837540 is divided by 2981947?
17
Calculate the remainder when 964538 is divided by 1045.
3
What is the remainder when 73669507 is divided by 174?
169
What is the remainder when 379288 is divided by 18582?
7648
What is the remainder when 6541080 is divided by 668?
24
Calculate the remainder when 3345731 is divided by 836431.
7
Calculate the remainder when 22219734 is divided by 2214.
30
What is the remainder when 159835 is divided by 158904?
931
What is the remainder when 79534 is divided by 6555?
874
Calculate the remainder when 9241766 is divided by 1559.
14
Calculate the remainder when 1452188 is divided by 84.
80
Calculate the remainder when 315268 is divided by 35021.
79
Calculate the remainder when 1821985 is divided by 455478.
73
What is the remainder when 66326252 is divided by 127?
121
Calculate the remainder when 56422 is divided by 2798.
462
What is the remainder when 100111954 is divided by 21?
19
What is the remainder when 387106 is divided by 1368?
1330
Calculate the remainder when 261085 is divided by 5660.
725
Calculate the remainder when 2487869 is divided by 11360.
29
What is the remainder when 113564 is divided by 7545?
389
Calculate the remainder when 294769 is divided by 4500.
2269
What is the remainder when 61655121 is divided by 144054?
9
Calculate the remainder when 27177852 is divided by 633.
630
What is the remainder when 52888 is divided by 17343?
859
Calculate the remainder when 4052601 is divided by 122806.
3
Calculate the remainder when 222466174 is divided by 229.
2
Calculate the remainder when 340743 is divided by 931.
928
What is the remainder when 33190775 is divided by 113667?
11
What is the remainder when 542280 is divided by 591?
333
Calculate the remainder when 25813 is divided by 66.
7
Calculate the remainder when 455805 is divided by 20718.
9
Calculate the remainder when 23405673 is divided by 5235.
5223
Calculate the remainder when 122341 is divided by 9410.
11
What is the remainder when 45566 is divided by 1139?
6
Calculate the remainder when 1470465 is divided by 91904.
1
What is the remainder when 6851039 is divided by 160?
159
Calculate the remainder when 13204347 is divided by 103.
56
Calculate the remainder when 156110 is divided by 21.
17
Calculate the remainder when 10019918 is divided by 184.
14
What is the remainder when 110482 is divided by 36746?
244
Calculate the remainder when 3007315 is divided by 643.
4
Calculate the remainder when 6502853 is divided by 260.
253
What is the remainder when 7420135 is divided by 151?
146
Calculate the remainder when 68265 is divided by 68250.
15
What is the remainder when 3835 is divided by 455?
195
Calculate the remainder when 4175482 is divided by 1357.
1350
What is the remainder when 14270 is divided by 12457?
1813
What is the remainder when 521924553 is divided by 186?
183
Calculate the remainder when 1092934728 is divided by 364311573.
9
Calculate the remainder when 143435677 is divided by 5.
2
What is the remainder when 7941015 is divided by 33226?
1
Calculate the remainder when 51339 is divided by 50734.
605
What is the remainder when 1859 is divided by 211?
171
Calculate the remainder when 44829057 is divided by 62.
19
What is the remainder when 3450011 is divided by 111?
20
What is the remainder when 32789257 is divided by 2893?
2888
What is the remainder when 4500 is divided by 47?
35
What is the remainder when 235898 is divided by 769?
584
What is the remainder when 2617062 is divided by 467?
461
Calculate the remainder when 5682861 is divided by 2519.
2516
What is the remainder when 2220181 is divided by 1939?
26
Calculate the remainder when 3125 is divided by 3068.
57
What is the remainder when 554936 is divided by 180598?
13142
What is the remainder when 779007 is divided by 87?
9
What is the remainder when 11722143 is divided by 74?
25
Calculate the remainder when 328722 is divided by 1100.
922
Calculate the remainder when 412609 is divided by 681.
604
Calculate the remainder when 2426385 is divided by 611.
104
Calculate the remainder when 1288164 is divided by 580.
564
Calculate the remainder when 93793863 is divided by 19918.
1
Calculate the remainder when 150392 is divided by 6572.
5808
What is the remainder when 1653003 is divided by 109?
18
What is the remainder when 439912507 is divided by 2808?
2803
What is the remainder when 96884283 is divided by 40?
3
What is the remainder when 904057 is divided by 278?
1
What is the remainder when 18154 is divided by 2001?
145
What is the remainder when 1037200 is divided by 7247?
879
What is the remainder when 346448 is divided by 2138?
92
Calculate the remainder when 191610 is divided by 309.
30
Calculate the remainder when 141714 is divided by 47230.
24
What is the remainder when 2832119 is divided by 6810?
5969
What is the remainder when 147128 is divided by 180?
68
What is the remainder when 1028366 is divided by 342761?
83
Calculate the remainder when 406463 is divided by 571.
482
Calculate the remainder when 33472258 is divided by 6535.
6523
What is the remainder when 10546236 is divided by 439425?
36
Calculate the remainder when 3509144 is divided by 6643.
1640
Calculate the remainder when 809608 is divided by 161910.
58
Calculate the remainder when 2224836 is divided by 1112018.
800
What is the remainder when 596506622 is divided by 1792?
1790
What is the remainder when 341497 is divided by 86?
77
What is the remainder when 50963 is divided by 25213?
537
What is the remainder when 196041 is divided by 22?
21
What is the remainder when 23229811 is divided by 5807452?
3
What is the remainder when 42331 is divided by 4515?
1696
Calculate the remainder when 9272464 is divided by 248.
240
Calculate the remainder when 1406459 is divided by 2981.
2408
Calculate the re